nder when 690648 is divided by 39?
36
What is the remainder when 34723 is divided by 21?
10
What is the remainder when 1670863 is divided by 52?
51
Calculate the remainder when 3957 is divided by 26.
5
Calculate the remainder when 182786 is divided by 207.
5
Calculate the remainder when 36108 is divided by 61.
57
Calculate the remainder when 879987 is divided by 694.
689
Calculate the remainder when 15796 is divided by 15793.
3
What is the remainder when 2922 is divided by 2824?
98
What is the remainder when 80709 is divided by 1754?
25
What is the remainder when 3124 is divided by 12?
4
What is the remainder when 375959 is divided by 12?
11
What is the remainder when 33885 is divided by 24?
21
Calculate the remainder when 34617 is divided by 161.
2
What is the remainder when 127783 is divided by 127756?
27
What is the remainder when 14211 is divided by 50?
11
Calculate the remainder when 84268 is divided by 11.
8
Calculate the remainder when 7949 is divided by 7941.
8
Calculate the remainder when 53944 is divided by 7702.
30
Calculate the remainder when 7831 is divided by 1152.
919
What is the remainder when 45927 is divided by 5102?
9
Calculate the remainder when 622 is divided by 116.
42
What is the remainder when 326348 is divided by 15?
8
What is the remainder when 160849 is divided by 323?
318
What is the remainder when 159 is divided by 117?
42
Calculate the remainder when 64097 is divided by 32027.
43
What is the remainder when 3626 is divided by 896?
42
What is the remainder when 2602 is divided by 84?
82
What is the remainder when 1238369 is divided by 73?
70
Calculate the remainder when 42187 is divided by 14049.
40
Calculate the remainder when 25704 is divided by 4282.
12
What is the remainder when 2175 is divided by 137?
120
Calculate the remainder when 22510 is divided by 237.
232
Calculate the remainder when 9843 is divided by 36.
15
What is the remainder when 403001 is divided by 37?
34
Calculate the remainder when 50465 is divided by 62.
59
What is the remainder when 1204576 is divided by 565?
561
Calculate the remainder when 114119 is divided by 17.
15
Calculate the remainder when 1163094 is divided by 150.
144
Calculate the remainder when 202010 is divided by 233.
232
What is the remainder when 14193 is divided by 11?
3
What is the remainder when 6576 is divided by 192?
48
What is the remainder when 19162 is divided by 173?
132
What is the remainder when 4775 is divided by 2387?
1
Calculate the remainder when 7633 is divided by 44.
21
What is the remainder when 266023 is divided by 1132?
3
Calculate the remainder when 4322 is divided by 336.
290
Calculate the remainder when 82092 is divided by 228.
12
What is the remainder when 87586 is divided by 17513?
21
Calculate the remainder when 241487 is divided by 52.
51
Calculate the remainder when 307975 is divided by 14.
3
Calculate the remainder when 13886177 is divided by 1397.
1394
Calculate the remainder when 293863 is divided by 1651.
1636
What is the remainder when 35085 is divided by 2505?
15
Calculate the remainder when 272706 is divided by 20977.
5
Calculate the remainder when 1310308 is divided by 327577.
0
What is the remainder when 40870 is divided by 524?
522
Calculate the remainder when 1852 is divided by 188.
160
What is the remainder when 1057526 is divided by 264381?
2
What is the remainder when 119529 is divided by 21?
18
What is the remainder when 10369 is divided by 88?
73
What is the remainder when 18573 is divided by 3588?
633
What is the remainder when 44602 is divided by 32?
26
Calculate the remainder when 212291 is divided by 234.
53
Calculate the remainder when 11075 is divided by 2215.
0
Calculate the remainder when 14503 is divided by 3624.
7
What is the remainder when 13103 is divided by 141?
131
What is the remainder when 2914 is divided by 74?
28
Calculate the remainder when 7156 is divided by 891.
28
Calculate the remainder when 25663 is divided by 178.
31
Calculate the remainder when 1864 is divided by 265.
9
Calculate the remainder when 1102583 is divided by 17.
14
Calculate the remainder when 131037 is divided by 19.
13
Calculate the remainder when 2618876 is divided by 120.
116
Calculate the remainder when 26915 is divided by 43.
40
Calculate the remainder when 80284 is divided by 80280.
4
Calculate the remainder when 50182 is divided by 204.
202
What is the remainder when 14157 is divided by 233?
177
Calculate the remainder when 70199 is divided by 695.
4
Calculate the remainder when 89894 is divided by 702.
38
Calculate the remainder when 1596976 is divided by 23.
17
What is the remainder when 6095 is divided by 36?
11
Calculate the remainder when 13062 is divided by 1000.
62
What is the remainder when 33847 is divided by 186?
181
Calculate the remainder when 167579 is divided by 55858.
5
What is the remainder when 4686 is divided by 67?
63
Calculate the remainder when 1487 is divided by 532.
423
Calculate the remainder when 77722 is divided by 21.
1
What is the remainder when 63627 is divided by 513?
15
What is the remainder when 18384 is divided by 1094?
880
Calculate the remainder when 76434 is divided by 72.
42
Calculate the remainder when 1503 is divided by 386.
345
Calculate the remainder when 1837360 is divided by 359.
357
What is the remainder when 2994336 is divided by 49?
44
Calculate the remainder when 36159 is divided by 5.
4
What is the remainder when 5237 is divided by 5169?
68
What is the remainder when 104274 is divided by 17352?
162
Calculate the remainder when 1315 is divided by 1284.
31
What is the remainder when 448 is divided by 47?
25
What is the remainder when 94917 is divided by 23?
19
Calculate the remainder when 90885 is divided by 62.
55
What is the remainder when 15594 is divided by 147?
12
What is the remainder when 15649 is divided by 971?
113
What is the remainder when 4725 is divided by 408?
237
What is the remainder when 389 is divided by 101?
86
What is the remainder when 1211 is divided by 116?
51
Calculate the remainder when 6810 is divided by 154.
34
Calculate the remainder when 8081 is divided by 2019.
5
Calculate the remainder when 673577 is divided by 1627.
1626
What is the remainder when 37125 is divided by 44?
33
Calculate the remainder when 573999 is divided by 33.
30
What is the remainder when 10776 is divided by 14?
10
Calculate the remainder when 739410 is divided by 246467.
9
What is the remainder when 1178 is divided by 1130?
48
Calculate the remainder when 10867 is divided by 453.
448
What is the remainder when 1646063 is divided by 483?
482
Calculate the remainder when 501143 is divided by 456.
455
Calculate the remainder when 72457 is divided by 76.
29
What is the remainder when 5113 is divided by 47?
37
Calculate the remainder when 20431 is divided by 29.
15
What is the remainder when 2836 is divided by 304?
100
Calculate the remainder when 2520 is divided by 141.
123
Calculate the remainder when 119145 is divided by 17020.
5
Calculate the remainder when 37862 is divided by 40.
22
What is the remainder when 87679 is divided by 404?
11
What is the remainder when 239403 is divided by 44?
43
Calculate the remainder when 2223 is divided by 101.
1
Calculate the remainder when 50142 is divided by 12443.
370
Calculate the remainder when 487 is divided by 454.
33
Calculate the remainder when 128470 is divided by 29.
0
Calculate the remainder when 809271 is divided by 843.
834
What is the remainder when 1931137 is divided by 779?
775
Calculate the remainder when 1139 is divided by 525.
89
What is the remainder when 6601 is divided by 935?
56
Calculate the remainder when 8298 is divided by 496.
362
Calculate the remainder when 18039 is divided by 6010.
9
What is the remainder when 20668 is divided by 3?
1
What is the remainder when 213345 is divided by 135?
45
What is the remainder when 10910 is divided by 343?
277
What is the remainder when 6223 is divided by 3040?
143
What is the remainder when 108631 is divided by 129?
13
Calculate the remainder when 23689 is divided by 23682.
7
What is the remainder when 6863 is divided by 6626?
237
Calculate the remainder when 66459 is divided by 38.
35
What is the remainder when 109616 is divided by 420?
416
Calculate the remainder when 337191 is divided by